{"id":458,"date":"2026-01-20T18:18:46","date_gmt":"2026-01-20T18:18:46","guid":{"rendered":"https:\/\/www.bluecomfortcleaning.com\/?page_id=458"},"modified":"2026-01-31T15:21:44","modified_gmt":"2026-01-31T15:21:44","slug":"compliance-lab","status":"publish","type":"page","link":"https:\/\/www.bluecomfortcleaning.com\/?page_id=458","title":{"rendered":"Compliance Lab"},"content":{"rendered":"<p><div class=\"fusion-fullwidth fullwidth-box fusion-builder-row-1 fusion-flex-container has-pattern-background has-mask-background hundred-percent-fullwidth non-hundred-percent-height-scrolling\" style=\"--awb-border-radius-top-left:0px;--awb-border-radius-top-right:0px;--awb-border-radius-bottom-right:0px;--awb-border-radius-bottom-left:0px;--awb-padding-top:60px;--awb-padding-bottom:60px;--awb-padding-left:0px;--awb-background-color:var(--awb-color5);--awb-flex-wrap:wrap;\" ><div class=\"fusion-builder-row fusion-row fusion-flex-align-items-flex-start fusion-flex-content-wrap\" style=\"width:calc( 100% + 0px ) !important;max-width:calc( 100% + 0px ) !important;margin-left: calc(-0px \/ 2 );margin-right: calc(-0px \/ 2 );\"><div class=\"fusion-layout-column fusion_builder_column fusion-builder-column-0 fusion_builder_column_1_1 1_1 fusion-flex-column\" style=\"--awb-padding-right:350px;--awb-padding-left:60px;--awb-bg-color:rgba(47,66,201,0);--awb-bg-color-hover:rgba(47,66,201,0);--awb-bg-size:cover;--awb-width-large:100%;--awb-margin-top-large:0px;--awb-spacing-right-large:0px;--awb-margin-bottom-large:20px;--awb-spacing-left-large:0px;--awb-width-medium:100%;--awb-order-medium:0;--awb-spacing-right-medium:0px;--awb-spacing-left-medium:0px;--awb-width-small:100%;--awb-order-small:0;--awb-spacing-right-small:0px;--awb-spacing-left-small:0px;\"><div class=\"fusion-column-wrapper fusion-column-has-shadow fusion-flex-justify-content-flex-start fusion-content-layout-column\"><div class=\"fusion-title title fusion-title-1 fusion-sep-none fusion-title-text fusion-title-size-one\" style=\"--awb-text-color:var(--awb-color3);--awb-margin-bottom:40px;\"><h1 class=\"fusion-title-heading title-heading-left\" style=\"margin:0;\">Compliance Lab<\/h1><\/div><div class=\"fusion-text fusion-text-1\" style=\"--awb-line-height:1.4;\"><p style=\"font-size: 20px;\" data-fusion-font=\"true\"><span style=\"font-size: 16px; background-color: rgba(47, 66, 201, 0);\"><b style=\"font-size: 20px;\" data-fusion-font=\"true\">La r\u00e9glementation comme un terrain d\u2019innovation.<\/b><\/span><\/p>\n<p style=\"font-size: 18px;\" data-fusion-font=\"true\">RegVantage intervient comme concepteur et pilote de vos dispositifs r\u00e8glementaires, en phase de lancement, d\u2019\u00e9volution ou de mise en conformit\u00e9.<\/p>\n<p style=\"font-size: 18px;\" data-fusion-font=\"true\">Nous intervenons l\u00e0 o\u00f9 vos enjeux r\u00e8glementaires rencontrent la strat\u00e9gie, l\u2019innovation et l\u2019organisation.<\/p>\n<\/div><\/div><\/div><div class=\"fusion-layout-column fusion_builder_column fusion-builder-column-1 fusion_builder_column_1_1 1_1 fusion-flex-column fusion-flex-align-self-flex-start\" style=\"--awb-bg-size:cover;--awb-width-large:100%;--awb-margin-top-large:0px;--awb-spacing-right-large:0px;--awb-margin-bottom-large:20px;--awb-spacing-left-large:60px;--awb-width-medium:100%;--awb-order-medium:0;--awb-spacing-right-medium:0px;--awb-spacing-left-medium:60px;--awb-width-small:100%;--awb-order-small:0;--awb-spacing-right-small:0px;--awb-spacing-left-small:0px;\"><div class=\"fusion-column-wrapper fusion-column-has-shadow fusion-flex-justify-content-flex-start fusion-content-layout-row fusion-flex-align-items-center fusion-content-nowrap\"><div ><a class=\"fusion-button button-flat fusion-button-default-size button-default fusion-button-default button-1 fusion-button-default-span fusion-button-default-type\" target=\"_self\"><span class=\"fusion-button-text\">Parlons de vos enjeux<\/span><\/a><\/div><\/div><\/div><\/div><\/div><div class=\"fusion-fullwidth fullwidth-box fusion-builder-row-2 fusion-flex-container has-pattern-background has-mask-background nonhundred-percent-fullwidth non-hundred-percent-height-scrolling\" style=\"--awb-border-radius-top-left:0px;--awb-border-radius-top-right:0px;--awb-border-radius-bottom-right:0px;--awb-border-radius-bottom-left:0px;--awb-background-color:#dedefc;--awb-flex-wrap:wrap;\" ><div class=\"fusion-builder-row fusion-row fusion-flex-align-items-flex-start fusion-flex-content-wrap\" style=\"max-width:1248px;margin-left: calc(-4% \/ 2 );margin-right: calc(-4% \/ 2 );\"><div class=\"fusion-layout-column fusion_builder_column fusion-builder-column-2 fusion_builder_column_1_1 1_1 fusion-flex-column\" style=\"--awb-bg-size:cover;--awb-width-large:100%;--awb-margin-top-large:0px;--awb-spacing-right-large:1.92%;--awb-margin-bottom-large:20px;--awb-spacing-left-large:1.92%;--awb-width-medium:100%;--awb-order-medium:0;--awb-spacing-right-medium:1.92%;--awb-spacing-left-medium:1.92%;--awb-width-small:100%;--awb-order-small:0;--awb-spacing-right-small:1.92%;--awb-spacing-left-small:1.92%;\"><div class=\"fusion-column-wrapper fusion-column-has-shadow fusion-flex-justify-content-flex-start fusion-content-layout-column\"><div class=\"fusion-text fusion-text-2\"><h2>Innover en conformit\u00e9 dans un environnement r\u00e8glement\u00e9<\/h2>\n<\/div><div class=\"fusion-text fusion-text-3\"><p data-fusion-font=\"true\" style=\"text-align: justify; font-size: 18px;\">Le Compliance Lab est un espace de r\u00e9flexion et de cr\u00e9ation d\u00e9di\u00e9 \u00e0 l&rsquo;innovation r\u00e8glementaire.<\/p>\n<\/div><div class=\"fusion-text fusion-text-4\"><p data-fusion-font=\"true\" style=\"text-align: justify; font-size: 18px;\">N\u00e9 de l\u2019exp\u00e9rience de terrain et des besoins concrets des fonctions conformit\u00e9, il permet de concevoir, challenger ou accompagner des solutions RegTech avec une approche ancr\u00e9e dans la r\u00e9alit\u00e9 des acteurs r\u00e9gul\u00e9s.<\/p>\n<\/div><div class=\"fusion-text fusion-text-5\"><p data-fusion-font=\"true\" style=\"text-align: justify; line-height: 22px;\"><span data-fusion-font=\"true\" style=\"font-size: 18px; line-height: 30.96px;\">Notre conviction : l&rsquo;innovation en conformit\u00e9 ne peut \u00eatre pertinente que si elle repose sur une compr\u00e9hension fine des exigences, des usages et des contraintes op\u00e9rationnelles.                                                                                                                                                                                                                                      <\/span><span style=\"background-color: rgba(0, 0, 0, 0); font-size: 18px; line-height: 30.96px;\" data-fusion-font=\"true\">Gr\u00e2ce \u00e0 notre expertise m\u00e9tier, nous faisons le lien entre cadre r\u00e8glementaire, technologie et application concr\u00e8te \u2014 pour transformer les id\u00e9es en solutions utiles, efficaces et d\u00e9ployables.<\/span><\/p>\n<p data-fusion-font=\"true\" style=\"line-height: 22px;\"><span style=\"background-color: rgba(0, 0, 0, 0);\"><br \/><\/span><\/p>\n<\/div><\/div><\/div><\/div><\/div><\/p>\n","protected":false},"excerpt":{"rendered":"","protected":false},"author":1,"featured_media":0,"parent":0,"menu_order":0,"comment_status":"closed","ping_status":"closed","template":"100-width.php","meta":{"_joinchat":[],"footnotes":""},"class_list":["post-458","page","type-page","status-publish","hentry"],"yoast_head":"<!-- This site is optimized with the Yoast SEO plugin v26.6 - https:\/\/yoast.com\/wordpress\/plugins\/seo\/ -->\n<title>Compliance Lab - Blue Comfort Cleaning<\/title>\n<meta name=\"robots\" content=\"index, follow, max-snippet:-1, max-image-preview:large, max-video-preview:-1\" \/>\n<link rel=\"canonical\" href=\"https:\/\/www.bluecomfortcleaning.com\/?page_id=458\" \/>\n<meta property=\"og:locale\" content=\"fr_FR\" \/>\n<meta property=\"og:type\" content=\"article\" \/>\n<meta property=\"og:title\" content=\"Compliance Lab - Blue Comfort Cleaning\" \/>\n<meta property=\"og:url\" content=\"https:\/\/www.bluecomfortcleaning.com\/?page_id=458\" \/>\n<meta property=\"og:site_name\" content=\"Blue Comfort Cleaning\" \/>\n<meta property=\"article:modified_time\" content=\"2026-01-31T15:21:44+00:00\" \/>\n<meta name=\"twitter:card\" content=\"summary_large_image\" \/>\n<script type=\"application\/ld+json\" class=\"yoast-schema-graph\">{\"@context\":\"https:\/\/schema.org\",\"@graph\":[{\"@type\":\"WebPage\",\"@id\":\"https:\/\/www.bluecomfortcleaning.com\/?page_id=458\",\"url\":\"https:\/\/www.bluecomfortcleaning.com\/?page_id=458\",\"name\":\"Compliance Lab - Blue Comfort Cleaning\",\"isPartOf\":{\"@id\":\"https:\/\/www.bluecomfortcleaning.com\/#website\"},\"datePublished\":\"2026-01-20T18:18:46+00:00\",\"dateModified\":\"2026-01-31T15:21:44+00:00\",\"breadcrumb\":{\"@id\":\"https:\/\/www.bluecomfortcleaning.com\/?page_id=458#breadcrumb\"},\"inLanguage\":\"fr-FR\",\"potentialAction\":[{\"@type\":\"ReadAction\",\"target\":[\"https:\/\/www.bluecomfortcleaning.com\/?page_id=458\"]}]},{\"@type\":\"BreadcrumbList\",\"@id\":\"https:\/\/www.bluecomfortcleaning.com\/?page_id=458#breadcrumb\",\"itemListElement\":[{\"@type\":\"ListItem\",\"position\":1,\"name\":\"Home\",\"item\":\"https:\/\/www.bluecomfortcleaning.com\/\"},{\"@type\":\"ListItem\",\"position\":2,\"name\":\"Compliance Lab\"}]},{\"@type\":\"WebSite\",\"@id\":\"https:\/\/www.bluecomfortcleaning.com\/#website\",\"url\":\"https:\/\/www.bluecomfortcleaning.com\/\",\"name\":\"Blue Comfort Cleaning\",\"description\":\"Housekeeping in Malta !\",\"publisher\":{\"@id\":\"https:\/\/www.bluecomfortcleaning.com\/#organization\"},\"potentialAction\":[{\"@type\":\"SearchAction\",\"target\":{\"@type\":\"EntryPoint\",\"urlTemplate\":\"https:\/\/www.bluecomfortcleaning.com\/?s={search_term_string}\"},\"query-input\":{\"@type\":\"PropertyValueSpecification\",\"valueRequired\":true,\"valueName\":\"search_term_string\"}}],\"inLanguage\":\"fr-FR\"},{\"@type\":\"Organization\",\"@id\":\"https:\/\/www.bluecomfortcleaning.com\/#organization\",\"name\":\"Blue Comfort Cleaning\",\"url\":\"https:\/\/www.bluecomfortcleaning.com\/\",\"logo\":{\"@type\":\"ImageObject\",\"inLanguage\":\"fr-FR\",\"@id\":\"https:\/\/www.bluecomfortcleaning.com\/#\/schema\/logo\/image\/\",\"url\":\"https:\/\/www.bluecomfortcleaning.com\/wp-content\/uploads\/2025\/11\/bluescomfort-logo.png\",\"contentUrl\":\"https:\/\/www.bluecomfortcleaning.com\/wp-content\/uploads\/2025\/11\/bluescomfort-logo.png\",\"width\":1024,\"height\":1024,\"caption\":\"Blue Comfort Cleaning\"},\"image\":{\"@id\":\"https:\/\/www.bluecomfortcleaning.com\/#\/schema\/logo\/image\/\"}}]}<\/script>\n<!-- \/ Yoast SEO plugin. -->","yoast_head_json":{"title":"Compliance Lab - Blue Comfort Cleaning","robots":{"index":"index","follow":"follow","max-snippet":"max-snippet:-1","max-image-preview":"max-image-preview:large","max-video-preview":"max-video-preview:-1"},"canonical":"https:\/\/www.bluecomfortcleaning.com\/?page_id=458","og_locale":"fr_FR","og_type":"article","og_title":"Compliance Lab - Blue Comfort Cleaning","og_url":"https:\/\/www.bluecomfortcleaning.com\/?page_id=458","og_site_name":"Blue Comfort Cleaning","article_modified_time":"2026-01-31T15:21:44+00:00","twitter_card":"summary_large_image","schema":{"@context":"https:\/\/schema.org","@graph":[{"@type":"WebPage","@id":"https:\/\/www.bluecomfortcleaning.com\/?page_id=458","url":"https:\/\/www.bluecomfortcleaning.com\/?page_id=458","name":"Compliance Lab - Blue Comfort Cleaning","isPartOf":{"@id":"https:\/\/www.bluecomfortcleaning.com\/#website"},"datePublished":"2026-01-20T18:18:46+00:00","dateModified":"2026-01-31T15:21:44+00:00","breadcrumb":{"@id":"https:\/\/www.bluecomfortcleaning.com\/?page_id=458#breadcrumb"},"inLanguage":"fr-FR","potentialAction":[{"@type":"ReadAction","target":["https:\/\/www.bluecomfortcleaning.com\/?page_id=458"]}]},{"@type":"BreadcrumbList","@id":"https:\/\/www.bluecomfortcleaning.com\/?page_id=458#breadcrumb","itemListElement":[{"@type":"ListItem","position":1,"name":"Home","item":"https:\/\/www.bluecomfortcleaning.com\/"},{"@type":"ListItem","position":2,"name":"Compliance Lab"}]},{"@type":"WebSite","@id":"https:\/\/www.bluecomfortcleaning.com\/#website","url":"https:\/\/www.bluecomfortcleaning.com\/","name":"Blue Comfort Cleaning","description":"Housekeeping in Malta !","publisher":{"@id":"https:\/\/www.bluecomfortcleaning.com\/#organization"},"potentialAction":[{"@type":"SearchAction","target":{"@type":"EntryPoint","urlTemplate":"https:\/\/www.bluecomfortcleaning.com\/?s={search_term_string}"},"query-input":{"@type":"PropertyValueSpecification","valueRequired":true,"valueName":"search_term_string"}}],"inLanguage":"fr-FR"},{"@type":"Organization","@id":"https:\/\/www.bluecomfortcleaning.com\/#organization","name":"Blue Comfort Cleaning","url":"https:\/\/www.bluecomfortcleaning.com\/","logo":{"@type":"ImageObject","inLanguage":"fr-FR","@id":"https:\/\/www.bluecomfortcleaning.com\/#\/schema\/logo\/image\/","url":"https:\/\/www.bluecomfortcleaning.com\/wp-content\/uploads\/2025\/11\/bluescomfort-logo.png","contentUrl":"https:\/\/www.bluecomfortcleaning.com\/wp-content\/uploads\/2025\/11\/bluescomfort-logo.png","width":1024,"height":1024,"caption":"Blue Comfort Cleaning"},"image":{"@id":"https:\/\/www.bluecomfortcleaning.com\/#\/schema\/logo\/image\/"}}]}},"_links":{"self":[{"href":"https:\/\/www.bluecomfortcleaning.com\/index.php?rest_route=\/wp\/v2\/pages\/458","targetHints":{"allow":["GET"]}}],"collection":[{"href":"https:\/\/www.bluecomfortcleaning.com\/index.php?rest_route=\/wp\/v2\/pages"}],"about":[{"href":"https:\/\/www.bluecomfortcleaning.com\/index.php?rest_route=\/wp\/v2\/types\/page"}],"author":[{"embeddable":true,"href":"https:\/\/www.bluecomfortcleaning.com\/index.php?rest_route=\/wp\/v2\/users\/1"}],"replies":[{"embeddable":true,"href":"https:\/\/www.bluecomfortcleaning.com\/index.php?rest_route=%2Fwp%2Fv2%2Fcomments&post=458"}],"version-history":[{"count":2,"href":"https:\/\/www.bluecomfortcleaning.com\/index.php?rest_route=\/wp\/v2\/pages\/458\/revisions"}],"predecessor-version":[{"id":498,"href":"https:\/\/www.bluecomfortcleaning.com\/index.php?rest_route=\/wp\/v2\/pages\/458\/revisions\/498"}],"wp:attachment":[{"href":"https:\/\/www.bluecomfortcleaning.com\/index.php?rest_route=%2Fwp%2Fv2%2Fmedia&parent=458"}],"curies":[{"name":"wp","href":"https:\/\/api.w.org\/{rel}","templated":true}]}}